{"id":206,"date":"2023-04-05T17:11:11","date_gmt":"2023-04-05T15:11:11","guid":{"rendered":"https:\/\/svenske-aktier.dk\/?page_id=206"},"modified":"2023-04-05T17:22:37","modified_gmt":"2023-04-05T15:22:37","slug":"ctek-aktier","status":"publish","type":"page","link":"https:\/\/svenske-aktier.dk\/index.php\/ctek-aktier\/","title":{"rendered":"CTEK aktier"},"content":{"rendered":"\n<p>CTEK er et <a href=\"https:\/\/svenske-aktier.dk\/index.php\/ox2-aktier\/\" data-type=\"page\" data-id=\"207\">svensk energiselskab<\/a>, der <strong>udvikler og leverer sikre ladestationer til elbiler<\/strong> til markeder i hele verden. Dermed er CTEK ogs\u00e5 en del af de gr\u00f8nne aktier, og er man derfor til svenske energi aktier, som dertil ogs\u00e5 meget gerne m\u00e5 v\u00e6re gr\u00f8nne aktier, s\u00e5 er CTEK aktier muligvis noget for dig. Du kan se mere om CTEK og CTEK aktier her p\u00e5 siden, herunder om vi anbefaler at se n\u00e6rmere p\u00e5 aktien.<\/p>\n\n\n\n<figure class=\"wp-block-image size-full\"><img loading=\"lazy\" decoding=\"async\" width=\"1280\" height=\"720\" src=\"https:\/\/svenske-aktier.dk\/wp-content\/uploads\/2023\/04\/CTEK-aktier1.jpg\" alt=\"\" class=\"wp-image-250\" srcset=\"https:\/\/svenske-aktier.dk\/wp-content\/uploads\/2023\/04\/CTEK-aktier1.jpg 1280w, https:\/\/svenske-aktier.dk\/wp-content\/uploads\/2023\/04\/CTEK-aktier1-300x169.jpg 300w, https:\/\/svenske-aktier.dk\/wp-content\/uploads\/2023\/04\/CTEK-aktier1-1024x576.jpg 1024w, https:\/\/svenske-aktier.dk\/wp-content\/uploads\/2023\/04\/CTEK-aktier1-768x432.jpg 768w\" sizes=\"auto, (max-width: 1280px) 100vw, 1280px\" \/><\/figure>\n\n\n\n<h2 class=\"wp-block-heading\">Om CTEK<\/h2>\n\n\n\n<p>CTEK er kendt for at v\u00e6re de f\u00f8rste i verden til at g\u00f8re brug af en batterilader baseret p\u00e5 elektronisk pulsenergi. Selskabet blev stiftet af Bengt Wahlquist, i den mindre svenske by Vikmanshyttan. I dag s\u00e6lger CTEK deres batteriladere i over 70 lande p\u00e5 verdensplan.<\/p>\n\n\n\n<p>M\u00e5let for CTEK er at skabe den mest sikre ladestation til elbiler, og har blandt andet i 2018 opk\u00f8bt Sveriges st\u00f8rste selskab p\u00e5 omr\u00e5det. Det g\u00f8r CTEK til f\u00f8rende p\u00e5 deres omr\u00e5de i Sverige, og samtidig med en meget st\u00e6rk tilstedev\u00e6relse p\u00e5 store markeder rundt om i verden.<\/p>\n\n\n\n<p>Det har naturligvis skabt en masse interesse og opm\u00e6rksomhed, og hvor investorerne har set n\u00e6rmere p\u00e5 investeringspotentialet i CTEK aktier. Det anbefaler vi ogs\u00e5 at du g\u00f8r, og i det f\u00f8lgende kan du f\u00e5 meget mere viden om, hvorfor der er gode grunde til at se n\u00e6rmere p\u00e5 investeringspotentialet for CTEK aktier.<\/p>\n\n\n\n<h2 class=\"wp-block-heading\">Se n\u00e6rmere p\u00e5 investeringspotentialet for CTEK aktier<\/h2>\n\n\n\n<p>Vi anbefaler at se n\u00e6rmere p\u00e5 investeringspotentialet for CTEK aktier, hvilket vi g\u00f8r p\u00e5 baggrund af flere faktorer. Vil du vide mere om hvorfor vi anbefaler at se n\u00e6rmere p\u00e5 investeringspotentialet for CTEK aktier, s\u00e5 l\u00e6s med videre i det f\u00f8lgende.<\/p>\n\n\n\n<p>CTEK tilbyder en sp\u00e6ndende l\u00f8sning til industrien for elbiler, som er et marked, som mange forventer meget af i de kommende \u00e5r. Derfor er der en god grobund for succes, da CTEK tilbyder ladestationer til elbiler, som er en afg\u00f8rende funktion for, at elbil-netv\u00e6rket fungerer optimalt.<\/p>\n\n\n\n<p>Dertil er der tale om aktier, der befinder sig p\u00e5 det gr\u00f8nne marked. Det gr\u00f8nne marked er i rivende udvikling, som f\u00f8lge af den store n\u00f8dvendighed og eftersp\u00f8rgsel efter gr\u00f8n omstilling. Det er meget af den samme drivfaktor, der ogs\u00e5 er med til at drive eftersp\u00f8rgslen p\u00e5 elbiler, s\u00e5 p\u00e5 den m\u00e5de g\u00e5r det h\u00e5nd i h\u00e5nd.<\/p>\n\n\n\n<p>Ved at befinde sig p\u00e5 et gr\u00f8nt marked, og ved at tilbyde afg\u00f8rende l\u00f8sninger for elbilindustrien, s\u00e5 er CTEK aktier meget sp\u00e6ndende. Der er alts\u00e5 flere gode tegn p\u00e5, at CTEK aktier g\u00e5r en sp\u00e6ndende fremtid i m\u00f8de, med tanke p\u00e5 den gr\u00f8nne vinkel som CTEK aktier har.<\/p>\n\n\n\n<p>Det er dog vigtigt at man ikke bare lader sig forbl\u00e6nde af den gr\u00f8nne vinkel, og bare investerer i CTEK aktier uden at t\u00e6nke sig om. Der er nemlig ikke nogen garanti for succes, heller ikke p\u00e5 de gr\u00f8nne markeder, og derfor er det <strong>en rigtig god ide, at man tjekker grundigt op p\u00e5 aktien<\/strong>, inden man ender med at investere. Husk derfor altid at lave en grundig research, inden du investerer i CTEK aktier eller andre andre aktier for den sags skyld.<\/p>\n","protected":false},"excerpt":{"rendered":"<p>CTEK er et svensk energiselskab, der udvikler og leverer sikre ladestationer til elbiler til markeder i hele verden. Dermed er CTEK ogs\u00e5 en del af de gr\u00f8nne aktier, og er man derfor til svenske energi aktier, som dertil ogs\u00e5 meget gerne m\u00e5 v\u00e6re gr\u00f8nne aktier, s\u00e5 er CTEK aktier muligvis noget for dig. Du kan &#8230; <a title=\"CTEK aktier\" class=\"read-more\" href=\"https:\/\/svenske-aktier.dk\/index.php\/ctek-aktier\/\" aria-label=\"Read more about CTEK aktier\">L\u00e6s mere <\/a><\/p>\n","protected":false},"author":1,"featured_media":0,"parent":0,"menu_order":0,"comment_status":"closed","ping_status":"closed","template":"","meta":{"footnotes":""},"class_list":["post-206","page","type-page","status-publish"],"_links":{"self":[{"href":"https:\/\/svenske-aktier.dk\/index.php\/wp-json\/wp\/v2\/pages\/206","targetHints":{"allow":["GET"]}}],"collection":[{"href":"https:\/\/svenske-aktier.dk\/index.php\/wp-json\/wp\/v2\/pages"}],"about":[{"href":"https:\/\/svenske-aktier.dk\/index.php\/wp-json\/wp\/v2\/types\/page"}],"author":[{"embeddable":true,"href":"https:\/\/svenske-aktier.dk\/index.php\/wp-json\/wp\/v2\/users\/1"}],"replies":[{"embeddable":true,"href":"https:\/\/svenske-aktier.dk\/index.php\/wp-json\/wp\/v2\/comments?post=206"}],"version-history":[{"count":5,"href":"https:\/\/svenske-aktier.dk\/index.php\/wp-json\/wp\/v2\/pages\/206\/revisions"}],"predecessor-version":[{"id":257,"href":"https:\/\/svenske-aktier.dk\/index.php\/wp-json\/wp\/v2\/pages\/206\/revisions\/257"}],"wp:attachment":[{"href":"https:\/\/svenske-aktier.dk\/index.php\/wp-json\/wp\/v2\/media?parent=206"}],"curies":[{"name":"wp","href":"https:\/\/api.w.org\/{rel}","templated":true}]}}