{"id":51,"date":"2023-04-05T16:35:45","date_gmt":"2023-04-05T14:35:45","guid":{"rendered":"https:\/\/svenske-aktier.dk\/?page_id=51"},"modified":"2023-04-05T16:42:00","modified_gmt":"2023-04-05T14:42:00","slug":"ericsson-aktier","status":"publish","type":"page","link":"https:\/\/svenske-aktier.dk\/index.php\/ericsson-aktier\/","title":{"rendered":"Ericsson aktier"},"content":{"rendered":"\n<p>Ericsson er et stort svensk <a href=\"https:\/\/svenske-aktier.dk\/index.php\/hms-networks-aktier\/\" data-type=\"page\" data-id=\"52\">telekommunikationsselskab<\/a>, og er samtidig <strong>et af de st\u00f8rste selskaber i hele Sverige<\/strong>. Historisk set har Ericsson opn\u00e5et en meget stor succes, og er i dag et globalt selskab med tilstedev\u00e6relse p\u00e5 markeder overalt i verden.. Det har gjort Ericsson aktier til nogle af de mest popul\u00e6re aktier, og som ogs\u00e5 g\u00f8r dem interessante for dig, der leder efter nye svenske aktier at investere i. Her p\u00e5 siden kan du se mere om selskabet Ericsson og om Ericsson aktier.<\/p>\n\n\n\n<figure class=\"wp-block-image size-full\"><img loading=\"lazy\" decoding=\"async\" width=\"1280\" height=\"960\" src=\"https:\/\/svenske-aktier.dk\/wp-content\/uploads\/2023\/04\/Ericsson-aktier1.jpg\" alt=\"\" class=\"wp-image-76\" srcset=\"https:\/\/svenske-aktier.dk\/wp-content\/uploads\/2023\/04\/Ericsson-aktier1.jpg 1280w, https:\/\/svenske-aktier.dk\/wp-content\/uploads\/2023\/04\/Ericsson-aktier1-300x225.jpg 300w, https:\/\/svenske-aktier.dk\/wp-content\/uploads\/2023\/04\/Ericsson-aktier1-1024x768.jpg 1024w, https:\/\/svenske-aktier.dk\/wp-content\/uploads\/2023\/04\/Ericsson-aktier1-768x576.jpg 768w\" sizes=\"auto, (max-width: 1280px) 100vw, 1280px\" \/><\/figure>\n\n\n\n<h2 class=\"wp-block-heading\">Om Ericsson<\/h2>\n\n\n\n<p>Ericsson er i dag et af de st\u00f8rste selskaber i Sverige, og som prim\u00e6rt st\u00e5r for at levere informationsl\u00f8sninger til globale markeder. Helt konkret arbejder Ericsson for at skabe bedre forbindelse i de moderne netv\u00e6rkssamfund. Selskabet blev grundlagt i 1876 af Lars Magnus Ericsson.<\/p>\n\n\n\n<p>Det historiske pr\u00e6g som Ericsson har haft p\u00e5 det svenske samfund er tydeligt, og som ikke mindst har hjulpet Stockholm, som er byen hvor Ericsson har sit hoveds\u00e6de, til at blive et knudepunkt for europ\u00e6isk forskning inden for informationsteknologi.<\/p>\n\n\n\n<p>Gennem tiden har Ericsson af flere omgange domineret de globale markeder, helt tilbage til starten af det 20. \u00e5rhundrede. Her dominerede Ericsson markedet for manuelle telefoncentraler, mens Ericsson op gennem 1990\u2019erne sad p\u00e5 mellem 30-40% p\u00e5 markedet for mobiltelefoner.<\/p>\n\n\n\n<p>Ved \u00e5rtusindeskiftet blev Ericsson som s\u00e5 mange andre telekommunikationsselskaber ramt af den store telekommunikationskrise, og var i den forbindelse n\u00f8dsaget til at afskedige tusindvis af medarbejdere. Ericsson bevarer dog den dag i dag sin position som en global akt\u00f8r p\u00e5 markedet for telekommunikation.<\/p>\n\n\n\n<h2 class=\"wp-block-heading\">Derfor skal du unders\u00f8ge Ericsson aktier n\u00e6rmere<\/h2>\n\n\n\n<p>Der er flere gode grunde til at unders\u00f8ge Ericsson aktier n\u00e6rmere, og som blandt andet har at g\u00f8re med, at Ericsson har v\u00e6ret en del af markedet for telekommunikation siden markedet f\u00f8rst begyndte at eksistere. Det g\u00f8r Ericsson til en historisk akt\u00f8r p\u00e5 markedet for telekommunikation.<\/p>\n\n\n\n<p>Det giver gode forh\u00e5bninger om, at Ericsson med sit st\u00e6rke og historiske brand kan forts\u00e6tte med at v\u00e6re en del af verdenseliten, n\u00e5r det kommer til telekommunikation. Den lange historie har i hvert fald vist, at Ericsson er i stand til at v\u00e6re en levedygtig forretning over tid.<\/p>\n\n\n\n<p>Dertil er Ericsson aktier meget popul\u00e6re aktier, som f\u00f8lge af at v\u00e6re et af Sveriges st\u00f8rste selskaber. Det er med til at \u00f8ge v\u00e6rdien af Ericsson aktier, og som er med til at g\u00f8re dem mere sikre over tid. Alt dette taler til fordel for, at man b\u00f8r unders\u00f8ge Ericsson aktier n\u00e6rmere.<\/p>\n\n\n\n<p>Ericsson aktier har gennem en del \u00e5r efterh\u00e5nden v\u00e6ret forholdsvist svingende. Det giver nogle muligheder p\u00e5 den korte bane, hvis man er i stand til at forudse markedsbev\u00e6gelserne. Derfor er det en god ide at unders\u00f8ge Ericsson aktier n\u00e6rmere, s\u00e5 man kan se mere om, hvordan markederne vil udvikle sig.<\/p>\n\n\n\n<p>Over tid <strong>pr\u00e6sterer Ericsson aktier dog ganske p\u00e6nt<\/strong>, og der er derfor tale om en relativt stabil investering over tid, hvis man har is nok i maven. Alt dette b\u00f8r man unders\u00f8ge n\u00e6rmere, s\u00e5 man kan f\u00e5 unders\u00f8gt, om Ericsson aktier kunne v\u00e6re interessante at investere i.<\/p>\n","protected":false},"excerpt":{"rendered":"<p>Ericsson er et stort svensk telekommunikationsselskab, og er samtidig et af de st\u00f8rste selskaber i hele Sverige. Historisk set har Ericsson opn\u00e5et en meget stor succes, og er i dag et globalt selskab med tilstedev\u00e6relse p\u00e5 markeder overalt i verden.. Det har gjort Ericsson aktier til nogle af de mest popul\u00e6re aktier, og som ogs\u00e5 &#8230; <a title=\"Ericsson aktier\" class=\"read-more\" href=\"https:\/\/svenske-aktier.dk\/index.php\/ericsson-aktier\/\" aria-label=\"Read more about Ericsson aktier\">L\u00e6s mere <\/a><\/p>\n","protected":false},"author":1,"featured_media":0,"parent":0,"menu_order":0,"comment_status":"closed","ping_status":"closed","template":"","meta":{"footnotes":""},"class_list":["post-51","page","type-page","status-publish"],"_links":{"self":[{"href":"https:\/\/svenske-aktier.dk\/index.php\/wp-json\/wp\/v2\/pages\/51","targetHints":{"allow":["GET"]}}],"collection":[{"href":"https:\/\/svenske-aktier.dk\/index.php\/wp-json\/wp\/v2\/pages"}],"about":[{"href":"https:\/\/svenske-aktier.dk\/index.php\/wp-json\/wp\/v2\/types\/page"}],"author":[{"embeddable":true,"href":"https:\/\/svenske-aktier.dk\/index.php\/wp-json\/wp\/v2\/users\/1"}],"replies":[{"embeddable":true,"href":"https:\/\/svenske-aktier.dk\/index.php\/wp-json\/wp\/v2\/comments?post=51"}],"version-history":[{"count":4,"href":"https:\/\/svenske-aktier.dk\/index.php\/wp-json\/wp\/v2\/pages\/51\/revisions"}],"predecessor-version":[{"id":83,"href":"https:\/\/svenske-aktier.dk\/index.php\/wp-json\/wp\/v2\/pages\/51\/revisions\/83"}],"wp:attachment":[{"href":"https:\/\/svenske-aktier.dk\/index.php\/wp-json\/wp\/v2\/media?parent=51"}],"curies":[{"name":"wp","href":"https:\/\/api.w.org\/{rel}","templated":true}]}}